0
Let h(k) = -3*k - 6. Let l = 10 + -14. Suppose 5*p = -4*o + 64, -63 = -5*p + 4*o + 33. Calculate the remainder when p is divided by h(l).
4
Let k = 9 - -1. Calculate the remainder when 17 is divided by k.
7
Let v(k) = 56*k**2 + 1. What is the remainder when v(-1) is divided by 12?
9
Let h(n) = -n**3 - 12*n**2 - 14*n - 1. Calculate the remainder when h(-12) is divided by 42.
41
Let p be 4/14 - (-12)/7. Suppose 49 = i + 9. Calculate the remainder when i is divided by p - 8/2*-3.
12
Let h(r) = -r - 5. Let n be h(-8). Calculate the remainder when 17 is divided by n - (-2)/4*6.
5
Suppose -2*a = -5*d + 35, -29 = -0*d - d - 4*a. Calculate the remainder when 33 is divided by d.
6
Let v(y) = -4*y - 18. Let c be v(-9). Let b = c + -14. Calculate the remainder when 10 is divided by b.
2
Let q(y) = y**2 + 8*y - 5. Let l be q(-8). Let i = l - -8. Suppose -3*v + 19 = 4*k, -5*v - 4*k + 60 = -i*k. What is the remainder when v is divided by 5?
3
Let u = -71 + 80. What is the remainder when 42 is divided by u?
6
Let h(b) = b**2 + 5*b + 2. Calculate the remainder when 3/(3/2) - 0 is divided by h(-5).
0
Suppose -v = -15 - 8. Let u(c) = 7*c + 43. What is the remainder when v is divided by u(-5)?
7
Calculate the remainder when 126 is divided by 0 - 2 - (-225)/5.
40
Let c be -1 + -2 + 5/1. Suppose 0 = -4*z + c*h - 48, -4*h - 34 = 2*z + 3*z. Calculate the remainder when z/((-1)/(3 + -2)) is divided by 4.
2
Let l = -117 - -57. Let c = l + 84. Calculate the remainder when c is divided by 7.
3
Let d be 4 - 3 - (-1 + -63). Suppose d + 4 = 3*q. Suppose r + 3*p = 2, -4*p = -4*r - q + 111. Calculate the remainder when 49 is divided by r.
15
Suppose 0 = -5*c + 3*u + 517, 5*c + u - 170 = 351. Suppose a - c = -3*a. Suppose 2*d = 4*d - 18. What is the remainder when a is divided by d?
8
Let z = 4 - 2. Suppose -7 - 1 = -2*y - 2*r, z*r - 13 = -3*y. Calculate the remainder when y is divided by 2.
1
Let i = 11 - 8. What is the remainder when (6/4)/((-24)/(-64)) is divided by i?
1
Suppose -6*g + 30 = -g. Suppose -g*m + 26 = -88. Calculate the remainder when 55 is divided by m.
17
Let u(g) = g + 2. Let k be u(0). Suppose n + k*o + 3*o = 32, -3*o + 3 = 0. Suppose 4*b = n + 13. Calculate the remainder when 29 is divided by b.
9
Let k = 3 + 3. Suppose w = 25 - 2. What is the remainder when w is divided by k?
5
Suppose 5*c - 2*d - 17 = 0, 0 = -4*c - c - 3*d + 37. Calculate the remainder when c is divided by 4.
1
Let r(g) = -g**3 + 7*g**2 - 3*g - 6. Suppose -y + 2*y - 7 = -2*s, -4*s = 5*y - 35. What is the remainder when r(6) is divided by y?
5
Let k = 65 - 33. Suppose 18 = 5*t - k. Calculate the remainder when 27 is divided by t.
7
Let v = 5 + -1. Suppose 0 = k + 2, v*j = j + k + 8. Suppose -y - j*y + 24 = 0. What is the remainder when y is divided by 5?
3
Let g = -14 - -18. Let v(b) = 3*b**3 - 4*b**2 - 5*b - 3. What is the remainder when v(g) is divided by 27?
24
Suppose n + 212 = 3*n. Suppose -4*u = -3*m + 111, 2*u + n = 5*m - 79. Suppose 0 = -c - 2*c + f + 39, -4*f = 0. What is the remainder when m is divided by c?
11
Suppose 4*f - 340 = -16. Calculate the remainder when f is divided by 17.
13
Let y(w) = w**2 - 3*w + 5. Calculate the remainder when 14 is divided by y(4).
5
Suppose 31 = 10*n - 39. What is the remainder when 44 is divided by n?
2
Let l(z) = 27*z - 12. Calculate the remainder when l(3) is divided by 12.
9
Let h = -179 - -196. Suppose 0 = 4*x - 2*x + 12. What is the remainder when h is divided by x/(-27) - (-79)/9?
8
Let s(d) be the first derivative of d**4/4 + 5*d**3/3 - 2*d**2 - 5*d + 9. Calculate the remainder when s(-5) is divided by 9.
6
Let t = -3 + -3. Let l(f) = -f**2 - 6*f + 3. What is the remainder when 4 is divided by l(t)?
1
Let l(v) = v**2 - 8*v - 9. Let x be l(-7). Suppose 5*y - 78 = -2*i + 86, -3*y - 2*i = -x. Calculate the remainder when y is divided by 0/(-1) - (-17 + -1).
16
Let i(p) = -p**3 - 7*p**2 - 8*p - 8. Suppose -7*l + 3*l - 24 = 0. Let v(r) = r - 12. What is the remainder when i(l) is divided by v(14)?
0
Let t be (3/(-9))/((-1)/(-6)). Calculate the remainder when 19 is divided by 1/t + 15/2.
5
Let r = 50 + -28. Suppose -43 = 5*j + r. Let i = j + 20. Calculate the remainder when 13 is divided by i.
6
Let b(y) = 8*y + 7. Let o be b(-6). Let f = o - -66. Calculate the remainder when f is divided by 9.
7
Let y(j) = -15*j - 3. Let h be ((-4)/5)/(12/30). Calculate the remainder when y(h) is divided by 10.
7
Let b = 5 - 5. Let q(c) = -c**2 + c. Let j be q(b). Let o(f) = f**2 + f + 20. Calculate the remainder when 59 is divided by o(j).
19
Let t(i) be the second derivative of i**5/20 - i**4/12 - i**3/6 + 4*i**2 + 2*i. Let w = 4 - -19. What is the remainder when w is divided by t(0)?
7
Let u(b) = -4*b + 5. Let h(k) = k. Let s(r) = 6*h(r) + u(r). Let c = 4 - -6. What is the remainder when s(7) is divided by c?
9
Suppose -i + 19 = -4*m, 0 = 4*i - 5*i - 4*m + 35. What is the remainder when 79 is divided by i?
25
Let s(o) = -5*o**2 + 3*o - 27. Let g(x) = -x**2 + x - 7. Let d(t) = 9*g(t) - 2*s(t). Calculate the remainder when 36 is divided by d(4).
17
Let b = -1 - -20. What is the remainder when b is divided by 7?
5
Let u(c) = 2*c**2 + 9*c - 1. Calculate the remainder when 56/6*(-6)/(-4) is divided by u(-5).
2
Suppose 5*p = -1 + 31. Calculate the remainder when 16 is divided by p.
4
Let u = -16 - -22. Suppose -5*l + 2*j + 50 = 3*j, 3*l + 5*j = 8. Calculate the remainder when l is divided by u.
5
Suppose -55 + 150 = 5*t. Suppose -4*v + 7*v = 15. What is the remainder when 1*108/15*v is divided by t?
17
Let a(p) = 99*p**2 - 3*p + 2. Calculate the remainder when a(1) is divided by 17.
13
Suppose 9*d - 76 = 5*d. What is the remainder when d is divided by 5?
4
Suppose 10 = -2*q + 4*q. Suppose 9 = -5*z + 4*w - 1, q*z - 25 = -3*w. What is the remainder when 22 is divided by ((-2)/(-5))/(z/40)?
6
Suppose 0 = -6*w + 33 + 15. What is the remainder when 31 is divided by w?
7
Let u = -39 - -60. What is the remainder when u is divided by 12?
9
Let d(p) = -4 - p**2 + 2 + 2*p**2. Calculate the remainder when 20 is divided by d(3).
6
Suppose 5*g - 25 = 60. What is the remainder when 50 is divided by g?
16
Let v = -2 - -1. Let m be -1 + 3 - (1 + 0). What is the remainder when 53 is divided by v - (m - (19 + -3))?
11
What is the remainder when -5*((-58)/10)/1 is divided by 11?
7
Let k(x) = 19*x**2 + 1. Let f(m) = 6*m**2 + 3*m - 2. Calculate the remainder when k(1) is divided by f(1).
6
Let f(i) = i**2 + 2. Let u be f(2). What is the remainder when 26 is divided by (3 + -1)*(1 + u)?
12
Let u(f) be the third derivative of -f**4/6 - f**3/6 - f**2. Let s(t) = -6*t**2 - 2*t + 2. Let w be s(1). What is the remainder when u(w) is divided by 8?
7
Suppose 40 = 4*v + z, v = -3*v + z + 32. Let j(s) = -s**3 - 13*s**2 + 15*s + 31. What is the remainder when j(-14) is divided by v?
8
Let j(v) = v**2 - 13*v - 17. What is the remainder when 37 is divided by j(15)?
11
Suppose -c - 1 = f - 8, -9 = -3*c. Suppose n = -3*m - 2 + f, -3*n = 4*m - 11. Suppose -3*y + 9 = -0. What is the remainder when n is divided by y?
2
Let p(g) = g**3 + 10*g**2 + 14*g - 1. Calculate the remainder when p(-8) is divided by 4.
3
Let u(c) = -c**2 + c + 3. Suppose -4*j = j. Let n be u(j). Suppose 0*s - 3*m = -s + 22, -n*s + 2*m = -52. Calculate the remainder when s is divided by 9.
7
Let t = -111 - 126. Let r = t - -358. Calculate the remainder when r is divided by 31.
28
Let t = 19 + -6. Suppose 0 = -3*p + 7*p - 16. What is the remainder when t is divided by p?
1
Let o(m) = 25*m - 4. What is the remainder when o(1) is divided by 9 + -1*(-4 - -2)?
10
Let j(c) = c**2 + 2*c - 2. What is the remainder when 11 is divided by j(2)?
5
Let n = -128 + 140. What is the remainder when 46 is divided by n?
10
Let v(b) = -b**3 - 9*b**2 + 1. Let d(t) = t**2 + 8*t - 7. Let g be d(-8). Let q be (-2 + g)/(2 + -1). What is the remainder when 1 is divided by v(q)?
0
Suppose -4*k + 15 + 37 = 0. Let i be ((-3)/(-2))/((-4)/8). What is the remainder when k is divided by ((-3)/(-2))/(i/(-8))?
1
Let c = 2 + 6. Let d = 11 - c. Suppose 5*n - 2*a = -d*a + 48, -2 = a. Calculate the remainder when n is divided by 4.
2
Suppose 0*u = 2*u - 22. Calculate the remainder when u is divided by 3.
2
Suppose 2*y - y + 157 = 5*x, -3*x + 2*y = -90. What is